{"version":"1.0","provider_name":"Feria Salimat Abanca 2022","provider_url":"https:\/\/www.salimat.es\/2022","title":"Presentaci\u00f3n - Feria Salimat Abanca 2022","type":"rich","width":600,"height":338,"html":"<blockquote class=\"wp-embedded-content\" data-secret=\"uNEzEVhkQo\"><a href=\"https:\/\/www.salimat.es\/2022\/presentacion\/\">Presentaci\u00f3n<\/a><\/blockquote><iframe sandbox=\"allow-scripts\" security=\"restricted\" src=\"https:\/\/www.salimat.es\/2022\/presentacion\/embed\/#?secret=uNEzEVhkQo\" width=\"600\" height=\"338\" title=\"\u00abPresentaci\u00f3n\u00bb \u2014 Feria Salimat Abanca 2022\" data-secret=\"uNEzEVhkQo\" frameborder=\"0\" marginwidth=\"0\" marginheight=\"0\" scrolling=\"no\" class=\"wp-embedded-content\"><\/iframe><script>\n\/*! This file is auto-generated *\/\n!function(d,l){\"use strict\";l.querySelector&&d.addEventListener&&\"undefined\"!=typeof URL&&(d.wp=d.wp||{},d.wp.receiveEmbedMessage||(d.wp.receiveEmbedMessage=function(e){var t=e.data;if((t||t.secret||t.message||t.value)&&!\/[^a-zA-Z0-9]\/.test(t.secret)){for(var s,r,n,a=l.querySelectorAll('iframe[data-secret=\"'+t.secret+'\"]'),o=l.querySelectorAll('blockquote[data-secret=\"'+t.secret+'\"]'),c=new RegExp(\"^https?:$\",\"i\"),i=0;i<o.length;i++)o[i].style.display=\"none\";for(i=0;i<a.length;i++)s=a[i],e.source===s.contentWindow&&(s.removeAttribute(\"style\"),\"height\"===t.message?(1e3<(r=parseInt(t.value,10))?r=1e3:~~r<200&&(r=200),s.height=r):\"link\"===t.message&&(r=new URL(s.getAttribute(\"src\")),n=new URL(t.value),c.test(n.protocol))&&n.host===r.host&&l.activeElement===s&&(d.top.location.href=t.value))}},d.addEventListener(\"message\",d.wp.receiveEmbedMessage,!1),l.addEventListener(\"DOMContentLoaded\",function(){for(var e,t,s=l.querySelectorAll(\"iframe.wp-embedded-content\"),r=0;r<s.length;r++)(t=(e=s[r]).getAttribute(\"data-secret\"))||(t=Math.random().toString(36).substring(2,12),e.src+=\"#?secret=\"+t,e.setAttribute(\"data-secret\",t)),e.contentWindow.postMessage({message:\"ready\",secret:t},\"*\")},!1)))}(window,document);\n<\/script>\n","description":"SALIMAT ABANCA Sal\u00f3n de Alimentaci\u00f3n del Atl\u00e1ntico \u00bfD\u00f3nde se celebra? SALIMAT ABANCA tendr\u00e1 lugar en la Feira Internacional de Galicia ABANCA, el\u00a0mayor parque de exposiciones del noroeste peninsular. El recinto est\u00e1 situado en la localidad de Silleda, a un paso de su ciudad de referencia, Santiago de Compostela. Cuenta con unas magn\u00edficas infraestructuras: m\u00e1s de ... Leer m\u00e1s","thumbnail_url":"https:\/\/www.salimat.es\/2022\/wp-content\/uploads\/2022\/05\/xunta.png"}

Presentación - Feria Salimat Abanca 2022

<blockquote class="wp-embedded-content" data-secret="uNEzEVhkQo"><a href="https://www.salimat.es/2022/presentacion/">Presentación</a></blockquote><iframe sandbox="allow-scripts" security="restricted" src="https://www.salimat.es/2022/presentacion/embed/#?secret=uNEzEVhkQo" width="600" height="338" title="«Presentación» — Feria Salimat Abanca 2022" data-secret="uNEzEVhkQo" frameborder="0" marginwidth="0" marginheight="0" scrolling="no" class="wp-embedded-content"></iframe><script>
/*! This file is auto-generated */
!function(d,l){"use strict";l.querySelector&&d.addEventListener&&"undefined"!=typeof URL&&(d.wp=d.wp||{},d.wp.receiveEmbedMessage||(d.wp.receiveEmbedMessage=function(e){var t=e.data;if((t||t.secret||t.message||t.value)&&!/[^a-zA-Z0-9]/.test(t.secret)){for(var s,r,n,a=l.querySelectorAll('iframe[data-secret="'+t.secret+'"]'),o=l.querySelectorAll('blockquote[data-secret="'+t.secret+'"]'),c=new RegExp("^https?:$","i"),i=0;i<o.length;i++)o[i].style.display="none";for(i=0;i<a.length;i++)s=a[i],e.source===s.contentWindow&&(s.removeAttribute("style"),"height"===t.message?(1e3<(r=parseInt(t.value,10))?r=1e3:~~r<200&&(r=200),s.height=r):"link"===t.message&&(r=new URL(s.getAttribute("src")),n=new URL(t.value),c.test(n.protocol))&&n.host===r.host&&l.activeElement===s&&(d.top.location.href=t.value))}},d.addEventListener("message",d.wp.receiveEmbedMessage,!1),l.addEventListener("DOMContentLoaded",function(){for(var e,t,s=l.querySelectorAll("iframe.wp-embedded-content"),r=0;r<s.length;r++)(t=(e=s[r]).getAttribute("data-secret"))||(t=Math.random().toString(36).substring(2,12),e.src+="#?secret="+t,e.setAttribute("data-secret",t)),e.contentWindow.postMessage({message:"ready",secret:t},"*")},!1)))}(window,document);
</script>

SALIMAT ABANCA Salón de Alimentación del Atlántico ¿Dónde se celebra? SALIMAT ABANCA tendrá lugar en la Feira Internacional de Galicia ABANCA, el mayor parque de exposiciones del noroeste peninsular. El recinto está situado en la localidad de Silleda, a un paso de su ciudad de referencia, Santiago de Compostela. Cuenta con unas magníficas infraestructuras: más de ... Leer más
